{"id":4140,"date":"2025-05-17T22:57:34","date_gmt":"2025-05-17T22:57:34","guid":{"rendered":"https:\/\/cifa.pt\/site\/?page_id=4140"},"modified":"2025-11-15T03:10:30","modified_gmt":"2025-11-15T03:10:30","slug":"investiga","status":"publish","type":"page","link":"https:\/\/cifa.pt\/site\/investiga\/","title":{"rendered":"ExtraNet &#8211; Apoio \u00e0 Investiga\u00e7\u00e3o CIFA (Membros)"},"content":{"rendered":"","protected":true},"excerpt":{"rendered":"","protected":true},"author":1,"featured_media":0,"parent":0,"menu_order":0,"comment_status":"closed","ping_status":"closed","template":"","meta":{"_bbp_topic_count":0,"_bbp_reply_count":0,"_bbp_total_topic_count":0,"_bbp_total_reply_count":0,"_bbp_voice_count":0,"_bbp_anonymous_reply_count":0,"_bbp_topic_count_hidden":0,"_bbp_reply_count_hidden":0,"_bbp_forum_subforum_count":0,"footnotes":""},"class_list":["post-4140","page","type-page","status-publish","post-password-required","hentry"],"_links":{"self":[{"href":"https:\/\/cifa.pt\/site\/wp-json\/wp\/v2\/pages\/4140","targetHints":{"allow":["GET"]}}],"collection":[{"href":"https:\/\/cifa.pt\/site\/wp-json\/wp\/v2\/pages"}],"about":[{"href":"https:\/\/cifa.pt\/site\/wp-json\/wp\/v2\/types\/page"}],"author":[{"embeddable":true,"href":"https:\/\/cifa.pt\/site\/wp-json\/wp\/v2\/users\/1"}],"replies":[{"embeddable":true,"href":"https:\/\/cifa.pt\/site\/wp-json\/wp\/v2\/comments?post=4140"}],"version-history":[{"count":152,"href":"https:\/\/cifa.pt\/site\/wp-json\/wp\/v2\/pages\/4140\/revisions"}],"predecessor-version":[{"id":5226,"href":"https:\/\/cifa.pt\/site\/wp-json\/wp\/v2\/pages\/4140\/revisions\/5226"}],"wp:attachment":[{"href":"https:\/\/cifa.pt\/site\/wp-json\/wp\/v2\/media?parent=4140"}],"curies":[{"name":"wp","href":"https:\/\/api.w.org\/{rel}","templated":true}]}}